vided by 297.
253
What is the remainder when 90 is divided by 16?
10
What is the remainder when 68 is divided by 37?
31
Calculate the remainder when 655 is divided by 82.
81
What is the remainder when 59 is divided by 10?
9
What is the remainder when 12 is divided by 12?
0
Calculate the remainder when 23 is divided by 13.
10
Calculate the remainder when 374 is divided by 18.
14
Calculate the remainder when 1817 is divided by 202.
201
What is the remainder when 260 is divided by 156?
104
Calculate the remainder when 569 is divided by 166.
71
Calculate the remainder when 1740 is divided by 432.
12
Calculate the remainder when 274 is divided by 57.
46
Calculate the remainder when 183 is divided by 48.
39
What is the remainder when 252 is divided by 49?
7
What is the remainder when 1168 is divided by 72?
16
Calculate the remainder when 286 is divided by 27.
16
Calculate the remainder when 3510 is divided by 1166.
12
What is the remainder when 97 is divided by 3?
1
What is the remainder when 12866 is divided by 66?
62
What is the remainder when 932 is divided by 305?
17
Calculate the remainder when 174 is divided by 94.
80
What is the remainder when 73 is divided by 23?
4
Calculate the remainder when 246 is divided by 19.
18
What is the remainder when 5494 is divided by 784?
6
What is the remainder when 71 is divided by 28?
15
What is the remainder when 289 is divided by 35?
9
What is the remainder when 495 is divided by 350?
145
What is the remainder when 418 is divided by 7?
5
Calculate the remainder when 37 is divided by 10.
7
What is the remainder when 91 is divided by 27?
10
Calculate the remainder when 1471 is divided by 476.
43
What is the remainder when 73 is divided by 38?
35
What is the remainder when 44 is divided by 28?
16
Calculate the remainder when 59 is divided by 47.
12
Calculate the remainder when 245 is divided by 240.
5
What is the remainder when 37 is divided by 17?
3
What is the remainder when 850 is divided by 47?
4
Calculate the remainder when 57 is divided by 18.
3
What is the remainder when 503 is divided by 46?
43
What is the remainder when 702 is divided by 9?
0
Calculate the remainder when 1658 is divided by 552.
2
What is the remainder when 261 is divided by 8?
5
What is the remainder when 96 is divided by 53?
43
Calculate the remainder when 1931 is divided by 15.
11
What is the remainder when 68 is divided by 23?
22
What is the remainder when 33 is divided by 17?
16
What is the remainder when 186 is divided by 56?
18
Calculate the remainder when 373 is divided by 31.
1
Calculate the remainder when 6002 is divided by 76.
74
Calculate the remainder when 4074 is divided by 151.
148
Calculate the remainder when 26 is divided by 10.
6
Calculate the remainder when 266 is divided by 16.
10
What is the remainder when 25 is divided by 20?
5
Calculate the remainder when 7 is divided by 7.
0
Calculate the remainder when 2264 is divided by 54.
50
Calculate the remainder when 1505 is divided by 298.
15
Calculate the remainder when 1121 is divided by 385.
351
Calculate the remainder when 298 is divided by 159.
139
What is the remainder when 6298 is divided by 126?
124
Calculate the remainder when 11428 is divided by 7.
4
What is the remainder when 601 is divided by 560?
41
Calculate the remainder when 484 is divided by 161.
1
What is the remainder when 909 is divided by 57?
54
What is the remainder when 1821 is divided by 114?
111
Calculate the remainder when 87 is divided by 44.
43
Calculate the remainder when 197 is divided by 20.
17
What is the remainder when 78 is divided by 42?
36
Calculate the remainder when 311 is divided by 9.
5
What is the remainder when 8801 is divided by 62?
59
Calculate the remainder when 2338 is divided by 12.
10
Calculate the remainder when 6423 is divided by 21.
18
Calculate the remainder when 3010 is divided by 131.
128
Calculate the remainder when 844 is divided by 181.
120
What is the remainder when 23 is divided by 6?
5
Calculate the remainder when 1495 is divided by 75.
70
Calculate the remainder when 225 is divided by 38.
35
Calculate the remainder when 80 is divided by 42.
38
What is the remainder when 189 is divided by 66?
57
Calculate the remainder when 183 is divided by 31.
28
What is the remainder when 2343 is divided by 5?
3
What is the remainder when 739 is divided by 679?
60
Calculate the remainder when 99 is divided by 20.
19
What is the remainder when 4608 is divided by 11?
10
Calculate the remainder when 201 is divided by 37.
16
Calculate the remainder when 45 is divided by 40.
5
What is the remainder when 13633 is divided by 101?
99
Calculate the remainder when 1128 is divided by 29.
26
Calculate the remainder when 15467 is divided by 8.
3
What is the remainder when 220 is divided by 2?
0
What is the remainder when 84 is divided by 4?
0
Calculate the remainder when 173 is divided by 94.
79
Calculate the remainder when 542 is divided by 68.
66
What is the remainder when 3802 is divided by 254?
246
What is the remainder when 212 is divided by 84?
44
Calculate the remainder when 341 is divided by 43.
40
What is the remainder when 78 is divided by 22?
12
Calculate the remainder when 4762 is divided by 397.
395
Calculate the remainder when 406 is divided by 59.
52
What is the remainder when 372 is divided by 95?
87
Calculate the remainder when 152 is divided by 61.
30
What is the remainder when 12591 is divided by 16?
15
Calculate the remainder when 638 is divided by 158.
6
Calculate the remainder when 20 is divided by 17.
3
Calculate the remainder when 1065 is divided by 9.
3
What is the remainder when 947 is divided by 894?
53
What is the remainder when 150 is divided by 76?
74
Calculate the remainder when 214 is divided by 56.
46
What is the remainder when 288 is divided by 112?
64
Calculate the remainder when 96 is divided by 34.
28
What is the remainder when 3718 is divided by 31?
29
What is the remainder when 1694 is divided by 282?
2
What is the remainder when 172 is divided by 58?
56
Calculate the remainder when 69 is divided by 17.
1
What is the remainder when 88 is divided by 47?
41
What is the remainder when 44 is divided by 16?
12
What is the remainder when 262 is divided by 88?
86
What is the remainder when 3671 is divided by 105?
101
What is the remainder when 176 is divided by 34?
6
Calculate the remainder when 297 is divided by 44.
33
What is the remainder when 64 is divided by 14?
8
What is the remainder when 1138 is divided by 5?
3
What is the remainder when 376 is divided by 71?
21
What is the remainder when 527 is divided by 250?
27
Calculate the remainder when 275 is divided by 168.
107
What is the remainder when 441 is divided by 17?
16
Calculate the remainder when 29 is divided by 6.
5
What is the remainder when 173 is divided by 76?
21
What is the remainder when 1379 is divided by 49?
7
Calculate the remainder when 112 is divided by 12.
4
What is the remainder when 1395 is divided by 175?
170
Calculate the remainder when 3877 is divided by 10.
7
What is the remainder when 4321 is divided by 46?
43
What is the remainder when 66 is divided by 12?
6
What is the remainder when 1808 is divided by 67?
66
Calculate the remainder when 329 is divided by 169.
160
Calculate the remainder when 155 is divided by 33.
23
What is the remainder when 261 is divided by 24?
21
Calculate the remainder when 730 is divided by 240.
10
Calculate the remainder when 506 is divided by 10.
6
Calculate the remainder when 887 is divided by 24.
23
What is the remainder when 739 is divided by 4?
3
What is the remainder when 508 is divided by 82?
16
Calculate the remainder when 30 is divided by 5.
0
Calculate the remainder when 1543 is divided by 769.
5
What is the remainder when 289 is divided by 20?
9
Calculate the remainder when 158 is divided by 26.
2
Calculate the remainder when 396 is divided by 106.
78
Calculate the remainder when 6774 is divided by 564.
6
What is the remainder when 126 is divided by 19?
12
What is the remainder when 103 is divided by 20?
3
What is the remainder when 89 is divided by 31?
27
Calculate the remainder when 571 is divided by 5.
1
What is the remainder when 73 is divided by 71?
2
What is the remainder when 305 is divided by 56?
25
What is the remainder when 